39298632?
3
What is the hundreds digit of 166635067?
0
What is the units digit of 1052847734?
4
What is the tens digit of 458033228?
2
What is the hundreds digit of 2004892110?
1
What is the units digit of 3197690619?
9
What is the hundreds digit of 10124887?
8
What is the tens digit of 32992398?
9
What is the hundreds digit of 2471282262?
2
What is the hundred thousands digit of 548830408?
8
What is the hundreds digit of 1907488707?
7
What is the hundred thousands digit of 14697623?
6
What is the units digit of 2633732061?
1
What is the tens digit of 81340486?
8
What is the tens digit of 164802315?
1
What is the millions digit of 116408393?
6
What is the hundred millions digit of 110172538?
1
What is the hundreds digit of 103246417?
4
What is the units digit of 87485554?
4
What is the thousands digit of 3212526319?
6
What is the thousands digit of 135011667?
1
What is the hundreds digit of 145801353?
3
What is the thousands digit of 283550829?
0
What is the billions digit of 4996948622?
4
What is the hundreds digit of 1545789344?
3
What is the thousands digit of 461882503?
2
What is the hundred thousands digit of 17951399?
9
What is the millions digit of 696882608?
6
What is the millions digit of 44085227?
4
What is the ten thousands digit of 10612955?
1
What is the hundred thousands digit of 2498304613?
3
What is the millions digit of 2467660?
2
What is the ten millions digit of 173425928?
7
What is the ten thousands digit of 259423025?
2
What is the hundreds digit of 45447762?
7
What is the ten millions digit of 732110755?
3
What is the millions digit of 321926176?
1
What is the millions digit of 73563356?
3
What is the hundred thousands digit of 95625667?
6
What is the ten millions digit of 64928173?
6
What is the hundreds digit of 2447100972?
9
What is the ten thousands digit of 134917470?
1
What is the ten millions digit of 5632566974?
3
What is the tens digit of 141838567?
6
What is the ten thousands digit of 180993870?
9
What is the hundred millions digit of 546436589?
5
What is the millions digit of 5348443317?
8
What is the ten thousands digit of 5075887040?
8
What is the units digit of 188158215?
5
What is the ten thousands digit of 14005390?
0
What is the hundred thousands digit of 4331613880?
6
What is the thousands digit of 347594159?
4
What is the tens digit of 204239140?
4
What is the units digit of 2568925295?
5
What is the ten thousands digit of 2560997?
6
What is the hundred thousands digit of 74217574?
2
What is the tens digit of 1013860708?
0
What is the millions digit of 958002461?
8
What is the hundred thousands digit of 14362897?
3
What is the millions digit of 58448474?
8
What is the ten thousands digit of 1331706?
3
What is the millions digit of 801371548?
1
What is the millions digit of 203406961?
3
What is the ten millions digit of 83067248?
8
What is the tens digit of 36787096?
9
What is the ten thousands digit of 4169579033?
7
What is the hundred thousands digit of 113094387?
0
What is the thousands digit of 54442303?
2
What is the hundred millions digit of 1110659916?
1
What is the hundred millions digit of 131940070?
1
What is the units digit of 74194947?
7
What is the millions digit of 212398435?
2
What is the ten millions digit of 83381738?
8
What is the hundred thousands digit of 2266169613?
1
What is the millions digit of 75043473?
5
What is the ten thousands digit of 3220685009?
8
What is the ten thousands digit of 867211455?
1
What is the thousands digit of 1100046176?
6
What is the ten thousands digit of 6338768139?
6
What is the ten thousands digit of 393127476?
2
What is the millions digit of 1078794080?
8
What is the millions digit of 32840173?
2
What is the billions digit of 3358945818?
3
What is the tens digit of 99768696?
9
What is the thousands digit of 43339871?
9
What is the hundred thousands digit of 899525586?
5
What is the hundreds digit of 32637398?
3
What is the hundred thousands digit of 2871417432?
4
What is the ten thousands digit of 1927344096?
4
What is the thousands digit of 45394226?
4
What is the thousands digit of 2487641350?
1
What is the units digit of 3814703?
3
What is the hundred thousands digit of 196761052?
7
What is the ten thousands digit of 13125466?
2
What is the ten thousands digit of 157830950?
3
What is the hundreds digit of 7212747?
7
What is the ten thousands digit of 736220503?
2
What is the ten thousands digit of 512539095?
3
What is the hundred thousands digit of 1697716223?
7
What is the ten thousands digit of 23485906?
8
What is the thousands digit of 43924539?
4
What is the units digit of 61510841?
1
What is the millions digit of 495662275?
5
What is the hundreds digit of 1123568516?
5
What is the ten thousands digit of 6320899254?
9
What is the thousands digit of 1424393472?
3
What is the ten millions digit of 655261935?
5
What is the thousands digit of 13910016?
0
What is the units digit of 912493590?
0
What is the millions digit of 5677740880?
7
What is the thousands digit of 143844700?
4
What is the units digit of 647206830?
0
What is the thousands digit of 758703980?
3
What is the ten thousands digit of 71108731?
0
What is the ten millions digit of 200457398?
0
What is the hundred thousands digit of 278406938?
4
What is the units digit of 419383361?
1
What is the ten thousands digit of 106952170?
5
What is the millions digit of 51211026?
1
What is the billions digit of 1773035756?
1
What is the hundreds digit of 27102193?
1
What is the ten thousands digit of 47260324?
6
What is the hundreds digit of 74086582?
5
What is the hundreds digit of 977472803?
8
What is the ten thousands digit of 6528978?
2
What is the ten millions digit of 411070513?
1
What is the hundreds digit of 1226357892?
8
What is the millions digit of 41011367?
1
What is the hundred thousands digit of 3113120838?
1
What is the units digit of 15253719?
9
What is the ten millions digit of 347129824?
4
What is the hundred thousands digit of 1908895410?
8
What is the hundred thousands digit of 320012303?
0
What is the ten millions digit of 155538163?
5
What is the hundred thousands digit of 60814220?
8
What is the ten millions digit of 629870407?
2
What is the units digit of 19985650?
0
What is the hundred millions digit of 546899131?
5
What is the hundred thousands digit of 46018651?
0
What is the millions digit of 268880017?
8
What is the millions digit of 9318941?
9
What is the hundred thousands digit of 625381698?
3
What is the ten thousands digit of 679595647?
9
What is the hundreds digit of 226432717?
7
What is the ten millions digit of 112769726?
1
What is the billions digit of 3402053342?
3
What is the millions digit of 40514370?
0
What is the units digit of 85745689?
9
What is the millions digit of 92879821?
2
What is the hundred millions digit of 1402967925?
4
What is the millions digit of 47106616?
7
What is the tens digit of 170039510?
1
What is the units digit of 240211407?
7
What is the units digit of 1083269561?
1
What is the ten thousands digit of 7298877?
9
What is the hundreds digit of 11516453?
4
What is the ten thousands digit of 6914342979?
4
What is the units digit of 258965405?
5
What is the ten thousands digit of 427810833?
1
What is the units digit of 41389299?
9
What is the millions digit of 2864705947?
4
What is the tens digit of 299065736?
3
What is the ten thousands digit of 43764383?
6
What is the billions digit of 2936202952?
2
What is the ten millions digit of 1330982667?
3
What is the thousands digit of 101250380?
0
What is the units digit of 708695792?
2
What is the hundreds digit of 5923079918?
9
What is the millions digit of 552656208?
2
What is the billions digit of 3702452742?
3
What is the hundred millions digit of 147175125?
1
What is the hundreds digit of 38397600?
6
What is the ten thousands digit of 935643?
3
What is the ten millions digit of 10462944?
1
What is the millions digit of 408826458?
8
What is the units digit of 65928105?
5
What is the ten thousands digit of 1289292344?
9
What is the ten thousands digit of 14928615?
2
What is the units digit of 675400270?
0
What is the ten millions digit of 68215855?
6
What is the hundred thousands digit of 656707?
6
What is the billions digit of 1154078741?
1
What is the thousands digit of 115916330?
6